t of m(k)?
0
Let d be ((-20)/12 - -2) + (-280)/(-6). Suppose -4*m = -135 + d. Suppose -2*a = n - m, 3*n = -n - 4*a + 88. What is the units digit of n?
2
Let q = 154 + -171. Let f(y) = y**3 + 17*y**2 - 13*y + 16. What is the hundreds digit of f(q)?
2
Let h(j) = 301*j - 147. What is the tens digit of h(18)?
7
Let t = -12048 + 23458. What is the ten thousands digit of t?
1
What is the tens digit of 6/8 - 57729640/(-1312)?
0
Suppose -264 + 87 = -3*d. Suppose -8*p + 301 = -d. What is the units digit of (2 - 132/5)*p/(-18)?
1
Suppose -4*l + 9 = -d, -d = 3*l - 253 + 241. Suppose 3276 = 3*t - 5*g, 5*t - l*g = 6*t - 1106. What is the thousands digit of t?
1
Let c = 2213 + -1395. Let k = c + -431. What is the units digit of k?
7
Suppose -42*f + 298441 = -359699. What is the thousands digit of f?
5
What is the units digit of (67/(-2))/((-15)/4770)?
3
Let v = 45305 + -22642. What is the thousands digit of v?
2
Let g(r) = r**2 - 3*r - 130. Let z be g(14). Suppose -3*a + z*i - 20*i = -2680, 5*a - 2*i = 4476. What is the tens digit of a?
9
Let m = 19716 - -12308. What is the ten thousands digit of m?
3
Let f(r) be the second derivative of 5/6*r**3 + 5*r**2 + 0 - 2*r - 1/6*r**4 - 1/20*r**5. What is the units digit of f(-4)?
2
Let k = 85 - 38. Let d = -44 + k. What is the tens digit of 251/d + 10/(-15)?
8
Suppose 1354 = 3*u + 5*p, 102*p + 452 = u + 103*p. What is the hundreds digit of u?
4
Let y be 74/(3/(30/4)). Suppose 5*a - 36 = -6*o + 3*o, o = 4*a + 29. Suppose -t + y = -o. What is the tens digit of t?
0
Suppose -546703 = -143*q + 126*q. What is the units digit of q?
9
Let f = 170 + -119. Let m = f - 49. Suppose -4*b - m*n + 68 = 0, 0*b - b + 24 = -3*n. What is the tens digit of b?
1
Let p(n) = 11*n**2 + 6*n - 3. Suppose -2*q + 3*q - 3*f - 9 = 0, -2*q - 22 = 4*f. What is the units digit of p(q)?
8
Let c(j) be the third derivative of j**5/30 + 25*j**4/24 - 4*j**3/3 + 76*j**2. What is the hundreds digit of c(-17)?
1
Suppose -10*n = -231 + 91. Suppose 6*w + 352 = n*w. What is the tens digit of w?
4
Suppose 21*t - 174667 = -20*t - 5050. What is the hundreds digit of t?
1
Let l = -913 + 913. Suppose -5*n - 15 = l, 5*y - n = 2*y + 1506. What is the hundreds digit of y?
5
Suppose 9750*z = 9743*z + 631911. What is the tens digit of z?
7
Suppose 21*y = 4*y + 57477. What is the units digit of y?
1
Let v be ((-162)/21)/((-1)/7). Let a = -51 + v. Suppose 0 = -a*w - w + 28. What is the units digit of w?
7
Let w = 63 + -66. What is the tens digit of (2 + w)/((-8)/2632) + 1?
3
Suppose -j + 23 = 5*u, u - 2*j + 14 = 3*u. What is the units digit of u/(-8) + ((-70)/(-4))/5?
3
Let h be (-8)/18 + 2304/81. Let v = 30 - h. Suppose v*x = 12 + 50. What is the tens digit of x?
3
Let w be (-10235)/575 + (-2)/10. Let t be -15 - ((-8)/2)/2. Let h = t - w. What is the units digit of h?
5
Let r be (-45)/(-2)*((-28)/12 - -3). Let f = r - 37. Let p = 75 - f. What is the tens digit of p?
9
Let c(d) = 124*d + 126. Let i(g) = 2*g**3 - g**2 - 2*g. Let l be i(2). What is the thousands digit of c(l)?
1
Suppose 0 = 3*x - 4*c + 47, -c - 16 = 2*x + 4*c. Let v = x - -11. What is the hundreds digit of (15/v)/((-2)/36)?
1
Let h = -65094 + 134926. What is the ten thousands digit of h?
6
Suppose 5*n = 11 - 1, 2*n = -2*x + 7972. What is the hundreds digit of x?
9
Let k(u) = u + 20. Let q be k(-15). Suppose 0 = -g - q*s - 6 + 26, -3*g = 3*s - 12. What is the tens digit of g - (0 - (0 + 79))?
7
Let v(w) = 14*w - 16. Let f be v(2). Suppose -f*l - 2233 = -18085. What is the tens digit of l?
2
What is the thousands digit of (-105207)/(-5) + (172/20 - (28 - 20))?
1
Let k(z) = 7135*z**2 + 27*z + 1. What is the hundreds digit of k(1)?
1
Let b = 75 + -57. Let q be 19/4 - (0 + b/24). Suppose -5 - q = 2*z + 5*o, -4*o - 27 = -5*z. What is the units digit of z?
3
Let i = -1185 + 3713. Suppose -11*g + i = -3*g. Let k = 456 - g. What is the hundreds digit of k?
1
Suppose 2*z = -5*p + 694, -2*p + 0*p = 2*z - 274. Let a = -54 + p. Suppose -3*q + 5*i = -32, 3*q - a = -q - 2*i. What is the units digit of q?
9
Let v(i) = -45 + 11 - i**2 + 16 + 18*i**3 + 11. What is the hundreds digit of v(3)?
4
Let g = 37 + -32. Suppose -d + 8 = g. Suppose u - 394 = -5*y, 4*y - 192 = d*u + 108. What is the tens digit of y?
7
Let h(a) = -3469*a + 11301. What is the ten thousands digit of h(-11)?
4
Let m be ((-24)/10)/((-87)/(-1160)) + 2. Let s = m - -278. What is the tens digit of s?
4
Let a = -2996 - -3484. What is the tens digit of a?
8
Let j(q) = 658*q + 129. Let b be j(-4). Let y = -1415 - b. What is the tens digit of y?
8
Suppose 0 = -4*q + x + 11748, 0*q - q = -4*x - 2967. What is the units digit of q?
5
Let v(f) = 62 + 2*f + 6*f + f + f. Let o be v(-6). Suppose 117 = 2*q + 4*m - 11, 5*q = -o*m + 320. What is the tens digit of q?
6
Suppose 4*p - 22 = -2*j, 5*j - 31 = 2*p + 12. Suppose 3*q = j*q. Suppose 5*t + t - 996 = q. What is the tens digit of t?
6
What is the units digit of -1*4 - (46/161 + (-1041940)/14)?
0
Suppose -j + 19839 = 5*h, 16*j + 3987 = h + 13*j. What is the thousands digit of h?
3
Suppose 3*d - 4*d + 45 = 0. Suppose 7*g - 12*g - d = 0. What is the tens digit of (-132)/g + 4/12?
1
Let j be (-324)/10 + (-10)/(-25). Let l be 4/3*684/j*-2. Let u = l + 48. What is the hundreds digit of u?
1
Let u(r) be the first derivative of -9*r**3 + r**2 + 3*r - 23. Let i be u(-1). Let q = 14 - i. What is the units digit of q?
0
Suppose -7*y + 8200 = 36*y + 7*y. What is the units digit of y?
4
Suppose -44*z = -40*z + 468. Let r = 65 + z. Let a = r - -158. What is the tens digit of a?
0
Let z(q) = -40*q - 36*q + 74*q - 483*q**3. What is the hundreds digit of z(-1)?
4
Let f = 71 - 26. Suppose -19 = -4*n + f. Suppose 5*x = n*x - 1045. What is the tens digit of x?
9
Suppose 5*f - 7*f = -1670. Let c = -55 + f. What is the tens digit of c?
8
Let u(n) = 0*n + 18 + 0 - 4 + 8*n. Let k(q) = -q**3 + 2*q**2 + 24*q + 8. Let o be k(6). What is the units digit of u(o)?
8
Let t be (-8)/36 - (-4907)/9. Let w = 335 - t. Let f = -81 - w. What is the tens digit of f?
2
Suppose -194*h + 188*h = -102. What is the hundreds digit of ((6 - 2) + 25)*h?
4
Suppose 4*u = -s + 2, -4 - 4 = -4*s. Suppose -121 = -x + 4*l, u*x - 363 = -3*x - 5*l. Let w = 66 + x. What is the hundreds digit of w?
1
Suppose 736*l = 710*l + 112658. What is the tens digit of l?
3
Let z = -8646 - -21738. What is the units digit of z?
2
Let w(k) = -k**2 - 17*k + 20. Let n be w(-18). Suppose -2*l + q + 240 = -q, -5*q = n*l - 275. Let y = -54 + l. What is the tens digit of y?
7
Suppose 3*c = -40 + 4816. Let b = c - 729. What is the hundreds digit of b?
8
Let v(w) = 9*w + 962. What is the tens digit of v(35)?
7
Suppose -26*b = 59*b - 339065. What is the hundreds digit of b?
9
Suppose -2*u + 3 = -1. Let m be (-7112)/(-1400) - 4/50. Suppose 3*b - u*v - 95 = 0, -b - v + m*v + 45 = 0. What is the tens digit of b?
2
Let i = 87818 + -48497. What is the units digit of i?
1
Suppose -56199 - 815683 = 1073*b - 1095*b. What is the ten thousands digit of b?
3
What is the hundreds digit of 69/((0 + -6)*(-6)/192)?
3
Let s be (-3)/(-6)*-8*1. Let y be (-5 - -1)*1/s. What is the units digit of 1504/20 - y/5?
5
Suppose 0 = 4*j - 10094 - 15387 + 2517. What is the thousands digit of j?
5
What is the tens digit of 8*843 - (-22 - -7)?
5
Suppose 3*y - w - 18 + 5 = 0, 2 = -2*w. Suppose d + 2*a + 1362 = y*d, -3*d = -3*a - 1359. Suppose 0 = 4*t - d - 152. What is the hundreds digit of t?
1
Suppose 2*w = 5*q - 88101, -2*q + 3*w = 13838 - 49085. What is the ten thousands digit of q?
1
What is the units digit of ((-1179894)/(-1044))/(1/6)?
1
Suppose -x = 2*b + 42 - 301, 3*b - 523 = -2*x. Suppose -3*v = g - 2422, v = -2*g + 540 + x. What is the tens digit of v?
0
Let d = 772 - 478. Suppose 4*f + 5*i = 297, -4*f + d = 24*i - 22*i. What is the tens digit of f?
7
Let a(v) = -237*v**3 + 5*v**2 - 42*v - 233. What is the units digit of a(-5)?
7
Suppose -x + 46 = 5*g - 0, 8 = -2*x. Suppose 7*p = g + 46. Suppose 3*q + 265 = p*q. What is the units digit of q?
3
Suppose 0 = 8*g - 4*g + 4, 0 = -3*p - g + 395. Suppose 313*i - 20 = -310*i + 619*i. Suppose 681 = i*c - 2*k, 0*c - c + p = k. What is the hundreds digit of c?
1
Suppose -33*t - 3939140 = -211*t. What is the hundreds digit of t?
1
Let j(k) = k**3 + 10*k**2 - 392*k - 54. Wha